{"id":411,"date":"2013-04-13T19:13:07","date_gmt":"2013-04-13T17:13:07","guid":{"rendered":"http:\/\/www.cooksofgrind.org\/v11\/?page_id=411"},"modified":"2018-04-27T09:05:29","modified_gmt":"2018-04-27T07:05:29","slug":"grind-cooking-1","status":"publish","type":"page","link":"https:\/\/www.cooksofgrind.org\/v11\/menus\/grind-cooking-1\/","title":{"rendered":".. grind-cooking #1 .."},"content":{"rendered":"<div><img loading=\"lazy\" decoding=\"async\" class=\"alignleft size-full wp-image-665\" alt=\"grind101\" src=\"https:\/\/www.cooksofgrind.org\/v11\/wp-content\/uploads\/grind1011.gif\" width=\"118\" height=\"139\" \/> <img loading=\"lazy\" decoding=\"async\" class=\"alignleft size-full wp-image-666\" alt=\"grind102\" src=\"https:\/\/www.cooksofgrind.org\/v11\/wp-content\/uploads\/grind1021.jpg\" width=\"118\" height=\"137\" \/> <img loading=\"lazy\" decoding=\"async\" class=\"alignleft size-full wp-image-667\" alt=\"grind103\" src=\"https:\/\/www.cooksofgrind.org\/v11\/wp-content\/uploads\/grind1031.gif\" width=\"118\" height=\"147\" \/> <img loading=\"lazy\" decoding=\"async\" class=\"alignleft size-full wp-image-668\" alt=\"grind104\" src=\"https:\/\/www.cooksofgrind.org\/v11\/wp-content\/uploads\/grind1041.gif\" width=\"118\" height=\"143\" \/><\/div>\n<p>&nbsp;<\/p>\n<p>&nbsp;<\/p>\n<p>&nbsp;<\/p>\n<p>&nbsp;<\/p>\n<p>&nbsp;<\/p>\n<p>&nbsp;<\/p>\n<p><strong><span style=\"color: #000000;\">gala dinner ohne eis und ohne fleisch<\/span><\/strong> <span style=\"color: #000000;\"> (f\u00fcr 4 personen)<\/span> <span style=\"color: #000000;\"> Koch: John<\/span><br \/>\n<span style=\"color: #000000;\"> Gastgeber: rok<\/span><\/p>\n<p><span style=\"text-decoration: underline;\"><em><span style=\"color: #000000; text-decoration: underline;\">aperitif<\/span><\/em><\/span><\/p>\n<p><span style=\"color: #000000;\">dose puntigamer 0,5 bzw.<\/span><br \/>\n<span style=\"color: #000000;\"> 1 glas wasser f\u00fcr die abstinenzler<\/span><\/p>\n<p><span style=\"text-decoration: underline;\"><em><span style=\"color: #000000; text-decoration: underline;\">getr\u00e4nke<\/span><\/em><\/span><\/p>\n<p><span style=\"color: #000000;\">merlot von gallo,<\/span><br \/>\n<span style=\"color: #000000;\"> ein typischer kalifornier, trocken mit reicher fruchtnote<\/span><br \/>\n<span style=\"color: #000000;\"> zum nachtisch: mozart liqueur wei\u00df<\/span><\/p>\n<p><span style=\"text-decoration: underline;\"><span style=\"color: #000000; text-decoration: underline;\">vorspeise reissuppe<\/span><\/span><\/p>\n<p><span style=\"color: #000000;\">ca. 1l bis 1,5l wasser<\/span><br \/>\n<span style=\"color: #000000;\"> 3 suppenw\u00fcrfel<\/span><br \/>\n<span style=\"color: #000000;\"> 2 portionen reis (fertig gekocht vom chinesen oder irgendwelche reste wie z.b. erbsenreis oder curryreis. f\u00fcr ein kr\u00e4ftigeres, ausgiebigeres supperl w\u00fcrde ich reisfleisch empfehlen) &#8211; &#8222;suppentopf statt biotonne&#8220;<\/span><br \/>\n<span style=\"color: #000000;\"> schnittlauch<\/span><\/p>\n<p><span style=\"color: #000000;\">wasser erhitzen, bis es kocht. suppenw\u00fcrfel hinzuf\u00fcgen, eine minute warten. dann reis beigeben, verr\u00fchren (damit sich keine klumpen bilden!) und schnittlauch dr\u00fcberstreuen.<\/span><\/p>\n<p><span style=\"text-decoration: underline;\"><span style=\"color: #000000; text-decoration: underline;\">hauptgang spaghetti pomodoro<\/span><\/span><\/p>\n<p><span style=\"color: #000000;\">reichlich oliven\u00f6l<\/span><br \/>\n<span style=\"color: #000000;\"> eine mittelgro\u00dfe zwiebel<\/span><br \/>\n<span style=\"color: #000000;\"> gew\u00fcrfelte tomatenst\u00fccke aus dem tetrapack (das grosse ohne gew\u00fcrze, ja kein fertiges sugo verwenden, die sind fast alle grauslich. au\u00dferdem: welcher hauben- oder hobbykoch w\u00fcrde sich gerne mit fertig-sugo erwischen lassen?) &#8211; &#8222;schw\u00e4chen zeigen andere&#8220;<\/span><br \/>\n<span style=\"color: #000000;\"> italienische kr\u00e4utermischung aus der streudose (da sind bereits basilikum, oregano, knoblauch und andere gute gew\u00fcrze drinnen)<\/span><br \/>\n<span style=\"color: #000000;\"> spaghetti<\/span><br \/>\n<span style=\"color: #000000;\"> butter<\/span><\/p>\n<p><span style=\"color: #000000;\">der allseits bew\u00e4hrte klassiker:<\/span><br \/>\n<span style=\"color: #000000;\"> in einem topf reichlich Oliven\u00f6l erhitzen, (fein) gehackte zwiebeln anschwitzen, tomaten dazugeben. das ganze bei kleiner hitze einige minuten k\u00f6cheln lassen. mit kr\u00e4utermischung, salz und pfeffer abschmecken.<\/span><br \/>\n<span style=\"color: #000000;\"> spaghetti al dente kochen in butter schwenken und mit der sauce anrichten. dazu empfehle ich wei\u00dfbrot und (nat\u00fcrlich) parmesan.<\/span><br \/>\n<span style=\"color: #000000;\"> tipp: mit etwas tomatenmark und hei\u00dfem wasser bei bedarf die sauce verl\u00e4ngern<\/span><\/p>\n<p><span style=\"text-decoration: underline;\"><span style=\"color: #000000; text-decoration: underline;\">dessert bananensplit variation<\/span><\/span><\/p>\n<p><span style=\"color: #000000;\">4-6 bananen<\/span><br \/>\n<span style=\"color: #000000;\"> 3 tafeln milka vollmilchschokolade<\/span><br \/>\n<span style=\"color: #000000;\"> butter<\/span><\/p>\n<p><span style=\"color: #000000;\">backblech mit butter beschmieren, bananen splitten und auf backblech legen. schokolade in st\u00fccke brechen und auf den bananen verteilen. das backblech ins vorgeheizte backrohr schieben. hohe hitze garantiert schnelles schmelzen der schokolade. nur kurz im rohr lassen, damit die bananen nicht zu schnell austrocknen!<\/span><br \/>\n<span style=\"color: #000000;\"> tipp: den mozart liqueur \u00fcber den nachtisch giessen<\/span><\/p>\n<p><strong><span style=\"color: #000000;\">kritiken:<\/span><\/strong><\/p>\n<p><span style=\"color: #000000;\">Ein Galadinner mit aufsteigender Tendenz.<\/span><br \/>\n<span style=\"color: #000000;\"> Highlight des abends eindeutig die Nachspeis mit dem gewissen etwas (Milka mit Mozart).<\/span><br \/>\n<span style=\"color: #000000;\"> S\u00e4ttigungsfaktor und Nachhaltigkeit:<\/span><br \/>\n<span style=\"color: #000000;\"> Maximale Punkteanzahl.<\/span><br \/>\n<span style=\"color: #000000;\"> (musste am Tag danach nur zwei Semmerln<\/span><br \/>\n<span style=\"color: #000000;\"> mit Pikanter und Majo verzwicken)<\/span><br \/>\n<span style=\"color: #000000;\"> Fazit:<\/span><br \/>\n<span style=\"color: #000000;\"> John, ein Koch wie ihn sich jede Kollegin nur w\u00fcnschen kann.<\/span><br \/>\n<span style=\"color: #000000;\"> Fisch (Gourmet)<\/span><\/p>\n<p><span style=\"color: #000000;\">reissuppe mit typischen suppenw\u00fcrfelgeschmack aber durch beigaben von frischen schnittlauch konnte der geschmack um ein vielfaches gehoben werden und gilt somit als guter ersatz f\u00fcr eine originale rindsuppe. der reis mit frischem orientalischen geschmack k\u00f6nnte fast von einem chinesen gekocht sein.<\/span><br \/>\n<span style=\"color: #000000;\"> suppe wurde mit richtiger temperatur serviert, bis auf die grauen suppenschalen(ich bevorzuge weisse suppenschalen) gibt es nicht zu beanstanden.<\/span><br \/>\n<span style=\"color: #000000;\"> nudeln waren sehr gut, lobenswert ist das schwenken in \u00f6l, rein gekochte nudeln geh\u00f6ren eher ins gasthaus als auf dem heimeligen tisch. sauce h\u00e4tte noch einen knoblauch vertragen bzw noch mehr zwiebel, leider war die menge der sauce etwas zu gering was ihr beisein nur noch wichtiger machte. temperatur ebenfalls okay, sehr gut gelungen war die beigabe eines originalen italienischen parmesan aus der plastikt\u00fcte. ohne diese beigabe w\u00e4re alles nur die h\u00e4lfte wert gewesen. beurteilung daher mit &#8222;sehr gut&#8220; .<\/span><br \/>\n<span style=\"color: #000000;\"> nachspeise war eine augenweide, sehr gute interpretation eines bananensplitts, ein wahrer augenschmaus da ich nicht davon essen konnte gebe ich als bewertung neutral an, doch die tafeln schoko weisen auf sehr gut hin.<\/span><br \/>\n<span style=\"color: #000000;\"> gesamteindruck: sehr gut, ideal f\u00fcr strohwitwer, singles mit hoden, einsame m\u00e4nner, monojungs, alte m\u00e4nner deren frau verstorben ist, usw<\/span><br \/>\n<span style=\"color: #000000;\"> max (Gourmet)<\/span><\/p>\n<p><span style=\"color: #000000;\">Zur Premiere gleich das Gala-Men\u00fc.<\/span><br \/>\n<span style=\"color: #000000;\"> Koch John ging konzentriert zur Sache.<\/span><br \/>\n<span style=\"color: #000000;\"> Die Reissuppe hinterlie\u00df im Abgang einen zart gem\u00fcsigen Geschmack und Brandblasen am Gaumen. Das f\u00fchrte zur Diskussion wie hei\u00df man eigentlich was und wann essen sollte. Das Puntigamer Bier diente zur Brandbek\u00e4mpfung. Die Hauptspeise blieb nicht in meiner Erinnerung haften. Wei\u00df nicht, ob das was Gutes oder Schlechtes bedeutet? Es wurde jedenfalls alles verputzt. Der varierte Bananensplit schaute shitty aus, schmeckte aber geil. Insgesamt war ich komplett andodlt. Ein gelungener Startschuss auch auf Grund der tiefsch\u00fcrfenden bis lustigen M\u00e4nnergespr\u00e4che.<\/span><br \/>\n<span style=\"color: #000000;\"> Roman Klug<\/span><\/p>\n<p><span style=\"color: #000000;\">\u00a0<\/span><\/p>\n","protected":false},"excerpt":{"rendered":"<p>&nbsp; &nbsp; &nbsp; &nbsp; &nbsp; &nbsp; gala dinner ohne eis und ohne fleisch (f\u00fcr 4 personen) Koch: John Gastgeber: rok aperitif dose puntigamer 0,5 bzw. 1 glas wasser&#8230;<\/p>\n","protected":false},"author":2,"featured_media":0,"parent":504,"menu_order":0,"comment_status":"closed","ping_status":"closed","template":"","meta":{"footnotes":""},"_links":{"self":[{"href":"https:\/\/www.cooksofgrind.org\/v11\/wp-json\/wp\/v2\/pages\/411"}],"collection":[{"href":"https:\/\/www.cooksofgrind.org\/v11\/wp-json\/wp\/v2\/pages"}],"about":[{"href":"https:\/\/www.cooksofgrind.org\/v11\/wp-json\/wp\/v2\/types\/page"}],"author":[{"embeddable":true,"href":"https:\/\/www.cooksofgrind.org\/v11\/wp-json\/wp\/v2\/users\/2"}],"replies":[{"embeddable":true,"href":"https:\/\/www.cooksofgrind.org\/v11\/wp-json\/wp\/v2\/comments?post=411"}],"version-history":[{"count":18,"href":"https:\/\/www.cooksofgrind.org\/v11\/wp-json\/wp\/v2\/pages\/411\/revisions"}],"predecessor-version":[{"id":1029,"href":"https:\/\/www.cooksofgrind.org\/v11\/wp-json\/wp\/v2\/pages\/411\/revisions\/1029"}],"up":[{"embeddable":true,"href":"https:\/\/www.cooksofgrind.org\/v11\/wp-json\/wp\/v2\/pages\/504"}],"wp:attachment":[{"href":"https:\/\/www.cooksofgrind.org\/v11\/wp-json\/wp\/v2\/media?parent=411"}],"curies":[{"name":"wp","href":"https:\/\/api.w.org\/{rel}","templated":true}]}}